{"id":5426,"date":"2024-04-28T08:45:10","date_gmt":"2024-04-28T06:45:10","guid":{"rendered":"https:\/\/www.saga-tahiti.com\/?page_id=5426"},"modified":"2024-10-10T13:38:24","modified_gmt":"2024-10-10T11:38:24","slug":"parrainer-un-enfant","status":"publish","type":"page","link":"https:\/\/www.dtp.dev.saga-tahiti.com\/index.php\/parrainer-un-enfant\/","title":{"rendered":"Parrainer un enfant"},"content":{"rendered":"\t\t<div data-elementor-type=\"wp-page\" data-elementor-id=\"5426\" class=\"elementor elementor-5426\">\n\t\t\t\t<div class=\"elementor-element elementor-element-f9ff7f9 e-flex e-con-boxed e-con e-parent\" data-id=\"f9ff7f9\" data-element_type=\"container\">\n\t\t\t\t\t<div class=\"e-con-inner\">\n\t\t\t\t<div class=\"elementor-element elementor-element-5d5340c elementor-widget elementor-widget-spacer\" data-id=\"5d5340c\" data-element_type=\"widget\" data-widget_type=\"spacer.default\">\n\t\t\t\t<div class=\"elementor-widget-container\">\n\t\t\t\t\t\t\t<div class=\"elementor-spacer\">\n\t\t\t<div class=\"elementor-spacer-inner\"><\/div>\n\t\t<\/div>\n\t\t\t\t\t\t<\/div>\n\t\t\t\t<\/div>\n\t\t\t\t\t<\/div>\n\t\t\t\t<\/div>\n\t\t<div class=\"elementor-element elementor-element-f71e950 e-flex e-con-boxed e-con e-parent\" data-id=\"f71e950\" data-element_type=\"container\">\n\t\t\t\t\t<div class=\"e-con-inner\">\n\t\t<div class=\"elementor-element elementor-element-736cf3b e-flex e-con-boxed e-con e-child\" data-id=\"736cf3b\" data-element_type=\"container\">\n\t\t\t\t\t<div class=\"e-con-inner\">\n\t\t\t\t<div class=\"elementor-element elementor-element-73424b8 elementor-widget elementor-widget-html\" data-id=\"73424b8\" data-element_type=\"widget\" data-widget_type=\"html.default\">\n\t\t\t\t<div class=\"elementor-widget-container\">\n\t\t\t\t\t<div style=\"display: flex; align-items: center; justify-content: center;\">\r\n  <h6 class=\"sec-title__tagline @@extraClassName\" style=\"font-size: 24px;\">Un \u00e9norme merci pour eux !<\/h6>\r\n<\/div>\r\n\r\n\t\t\t\t<\/div>\n\t\t\t\t<\/div>\n\t\t\t\t\t<\/div>\n\t\t\t\t<\/div>\n\t\t\t\t\t<\/div>\n\t\t\t\t<\/div>\n\t\t<div class=\"elementor-element elementor-element-747b773 e-flex e-con-boxed e-con e-parent\" data-id=\"747b773\" data-element_type=\"container\">\n\t\t\t\t\t<div class=\"e-con-inner\">\n\t\t\t\t<div class=\"elementor-element elementor-element-e126aa2 elementor-widget elementor-widget-video\" data-id=\"e126aa2\" data-element_type=\"widget\" data-settings=\"{&quot;youtube_url&quot;:&quot;https:\\\/\\\/youtu.be\\\/R8ZRZQRNW4Q&quot;,&quot;video_type&quot;:&quot;youtube&quot;,&quot;controls&quot;:&quot;yes&quot;}\" data-widget_type=\"video.default\">\n\t\t\t\t<div class=\"elementor-widget-container\">\n\t\t\t\t\t\t\t<div class=\"elementor-wrapper elementor-open-inline\">\n\t\t\t<div class=\"elementor-video\"><\/div>\t\t<\/div>\n\t\t\t\t\t\t<\/div>\n\t\t\t\t<\/div>\n\t\t\t\t<div class=\"elementor-element elementor-element-5559a2c elementor-widget elementor-widget-spacer\" data-id=\"5559a2c\" data-element_type=\"widget\" data-widget_type=\"spacer.default\">\n\t\t\t\t<div class=\"elementor-widget-container\">\n\t\t\t\t\t\t\t<div class=\"elementor-spacer\">\n\t\t\t<div class=\"elementor-spacer-inner\"><\/div>\n\t\t<\/div>\n\t\t\t\t\t\t<\/div>\n\t\t\t\t<\/div>\n\t\t\t\t\t<\/div>\n\t\t\t\t<\/div>\n\t\t<div class=\"elementor-element elementor-element-5a3e220 e-flex e-con-boxed e-con e-parent\" data-id=\"5a3e220\" data-element_type=\"container\">\n\t\t\t\t\t<div class=\"e-con-inner\">\n\t\t\t\t<div class=\"elementor-element elementor-element-d3a1a3a elementor-widget elementor-widget-cleenhearts-gallery\" data-id=\"d3a1a3a\" data-element_type=\"widget\" data-widget_type=\"cleenhearts-gallery.default\">\n\t\t\t\t<div class=\"elementor-widget-container\">\n\t\t\t\t\t\r\n    <!-- Gallery Style One Start -->\r\n    <section class=\"gallery-one section-space\">\r\n        <div class=\"container\">\r\n            <div class=\"gallery-one__top cleenhearts-owl__carousel cleenhearts-owl__carousel--basic-nav owl-carousel owl-theme\" data-owl-options='        {\r\n        &quot;loop&quot;: true,\r\n        &quot;margin&quot;: 0,\r\n        &quot;items&quot;: 1        ,&quot;nav&quot;: true                                    ,&quot;autoplay&quot;: true            ,&quot;autoplayTimeout&quot;: 5000                            ,&quot;animateOut&quot;: &quot;&quot;\r\n            ,&quot;animateIn&quot;: &quot;&quot;\r\n                            ,&quot;autoplayHoverPause&quot;: true                            ,&quot;navText&quot;: [\r\n            &quot;&lt;span class=\\&quot; fa fa-angle-left\\&quot;&gt;&lt;\/span&gt;&quot;,\r\n            &quot;&lt;span class=\\&quot; fa fa-angle-right\\&quot;&gt;&lt;\/span&gt;&quot;\r\n            ]\r\n                ,&quot;dots&quot;: true        ,&quot;smartSpeed&quot;: 700\r\n                }\r\n    '>\r\n                                    <div class=\"item\">\r\n                        <div class=\"gallery-one__top__image\" style=\"background-image: url(https:\/\/www.saga-tahiti.com\/wp-content\/uploads\/2024\/04\/204898717_332962854936801_8673263880918719194_n.jpg);\"><\/div><!-- \/.gallery-one__top__bg -->\r\n                    <\/div><!-- \/.item -->\r\n                                    <div class=\"item\">\r\n                        <div class=\"gallery-one__top__image\" style=\"background-image: url(https:\/\/www.saga-tahiti.com\/wp-content\/uploads\/2024\/10\/saga_enfants_groupe_4.jpg);\"><\/div><!-- \/.gallery-one__top__bg -->\r\n                    <\/div><!-- \/.item -->\r\n                                    <div class=\"item\">\r\n                        <div class=\"gallery-one__top__image\" style=\"background-image: url(https:\/\/www.saga-tahiti.com\/wp-content\/uploads\/2024\/10\/13912641_689793267838435_1714415372786115383_n-2.jpg);\"><\/div><!-- \/.gallery-one__top__bg -->\r\n                    <\/div><!-- \/.item -->\r\n                            <\/div><!-- \/.gallery-one__top -->\r\n            <div class=\"row gutter-y-30\">\r\n                            <\/div><!-- \/.container -->\r\n        <\/div>\r\n    <\/section><!-- \/.gallery-one section-space -->\r\n\r\n\r\n\t\t\t\t<\/div>\n\t\t\t\t<\/div>\n\t\t\t\t\t<\/div>\n\t\t\t\t<\/div>\n\t\t<div class=\"elementor-element elementor-element-55126f9 e-con-full e-flex e-con e-parent\" data-id=\"55126f9\" data-element_type=\"container\">\n\t\t\t\t<div class=\"elementor-element elementor-element-4ca80e0 elementor-widget elementor-widget-cleenhearts-main-slider\" data-id=\"4ca80e0\" data-element_type=\"widget\" data-widget_type=\"cleenhearts-main-slider.default\">\n\t\t\t\t<div class=\"elementor-widget-container\">\n\t\t\t\t\t\r\n    <section class=\"inspiring-one section-space\" style=\"background-image: url(https:\/\/bracketweb.com\/cleenheartswp\/wp-content\/uploads\/2023\/11\/inspiring-bg-1-1.png);\">\r\n        <div class=\"container\">\r\n            <div class=\"row gutter-y-50\">\r\n                <div class=\"col-xl-6\">\r\n                    <div class=\"sec-title\">\r\n                        <h6 class=\"sec-title__tagline @@extraClassName\">Parrainer un enfant\n<\/h6><h3 class=\"sec-title__title\">Ensemble tout est p<span class=\"sec-title__title__inner\">ossible<\/span><\/h3>                    <\/div><!-- \/.sec-title -->\r\n\r\n                    <p class=\"inspiring-one__text\"><p>Cela permet de prendre en charge totalement, un ou plusieurs enfants en situation pr\u00e9caire, suivi et choisi par les services sociaux du Pays afin, qu\u2019une semaine durant, il(s) puisse(nt) vivre une exp\u00e9rience de loisirs et de sports inoubliable et accrocher ainsi un large sourire \u00e0 leur vacances !<\/p>\n\n<p>Un montant de 70 900 XPF par enfant est requis. \n<\/p>\n\n<p>Par exemple : si vous souhaitez parrainer 3 enfants, le montant de votre don de parrainage sera de 212 700 XPF (3 x 70 900 XPF)<\/p>\n\n<p>Cette prise en charge comprend :<\/p>\n<div>- Le transport a\u00e9rien,<\/div>\n<div>- Les transports terrestres,<\/div>\n<div>- L\u2019h\u00e9bergement personnalis\u00e9 en famille d\u2019accueil,<\/div>\n<div>- Les repas,\n<\/div>\n<div>- L\u2019acc\u00e8s \u00e0 toutes les activit\u00e9s propos\u00e9es \u00e0 la SAGA.<\/div>\n<p><div>Les parrains sont invit\u00e9s \u00e0 d\u00e9couvrir leur \u00ab filleul \u00bb en pleine activit\u00e9 durant la  SAGA. Ils recevront en outre une carte de remerciement \u00e9crite par leur(s) filleul(s).<\/div>\nCe parrainage pr\u00e9voit \u00e9galement une semaine compl\u00e9mentaire durant les vacances de No\u00ebl pour les enfants de Tahiti.<\/p><\/p>                    <div class=\"inspiring-one__inner\">\r\n                                            <\/div><!-- \/.inspiring-one__inner -->\r\n                <\/div><!-- \/.col-xl-6 -->\r\n                <div class=\"col-xl-6\">\r\n                    <div class=\"inspiring-one__image\">\r\n                        <div class=\"inspiring-one__image__inner inspiring-one__image__inner--one wow fadeInRight\" data-wow-duration=\"1500ms\" data-wow-delay=\"00ms\">\r\n                            <img decoding=\"async\" src=\"https:\/\/www.dtp.dev.saga-tahiti.com\/wp-content\/uploads\/2024\/04\/sagatest2.jpg\" alt=\"sagatest2\" title=\"sagatest2\" >                        <\/div><!-- \/.inspiring-one__image__one -->\r\n                        <div class=\"inspiring-one__image__inner inspiring-one__image__inner--two wow fadeInRight\" data-wow-duration=\"1500ms\" data-wow-delay=\"200ms\">\r\n                            <img decoding=\"async\" src=\"https:\/\/www.dtp.dev.saga-tahiti.com\/wp-content\/uploads\/2024\/04\/sagatest.jpg\" alt=\"sagatest\" title=\"sagatest\" >                        <\/div><!-- \/.inspiring-one__image__two -->\r\n                    <\/div><!-- \/.inspiring-one__image -->\r\n                <\/div><!-- \/.col-xl-6 -->\r\n            <\/div><!-- \/.row -->\r\n        <\/div><!-- \/.container -->\r\n        <div class=\"inspiring-one__shapes\">\r\n            <div class=\"inspiring-one__shape inspiring-one__shape--one\"><\/div><!-- \/.inspiring-one__shape__one -->\r\n            <div class=\"inspiring-one__shape inspiring-one__shape--two\"><\/div><!-- \/.inspiring-one__shape__one -->\r\n        <\/div><!-- \/.inspiring-one__shape -->\r\n    <\/section><!-- \/.inspiring-one-one section-space -->\r\n\r\n\r\n\t\t\t\t<\/div>\n\t\t\t\t<\/div>\n\t\t\t\t<\/div>\n\t\t<div class=\"elementor-element elementor-element-0738217 e-flex e-con-boxed e-con e-parent\" data-id=\"0738217\" data-element_type=\"container\">\n\t\t\t\t\t<div class=\"e-con-inner\">\n\t\t\t\t<div class=\"elementor-element elementor-element-2ec43fb elementor-widget elementor-widget-spacer\" data-id=\"2ec43fb\" data-element_type=\"widget\" data-widget_type=\"spacer.default\">\n\t\t\t\t<div class=\"elementor-widget-container\">\n\t\t\t\t\t\t\t<div class=\"elementor-spacer\">\n\t\t\t<div class=\"elementor-spacer-inner\"><\/div>\n\t\t<\/div>\n\t\t\t\t\t\t<\/div>\n\t\t\t\t<\/div>\n\t\t\t\t\t<\/div>\n\t\t\t\t<\/div>\n\t\t<div class=\"elementor-element elementor-element-5b8964c e-flex e-con-boxed e-con e-parent\" data-id=\"5b8964c\" data-element_type=\"container\">\n\t\t\t\t\t<div class=\"e-con-inner\">\n\t\t<div class=\"elementor-element elementor-element-ba8d59b e-flex e-con-boxed e-con e-child\" data-id=\"ba8d59b\" data-element_type=\"container\">\n\t\t\t\t\t<div class=\"e-con-inner\">\n\t\t\t\t<div class=\"elementor-element elementor-element-513b356 elementor-widget elementor-widget-text-editor\" data-id=\"513b356\" data-element_type=\"widget\" data-widget_type=\"text-editor.default\">\n\t\t\t\t<div class=\"elementor-widget-container\">\n\t\t\t\t\t\t\t\t\t<p style=\"text-align: center; font-size: 20px; margin-bottom: 20px; font-weight: bold;\">Parrainer par virement \ud83d\udd01<\/p><pre style=\"border: 1px solid #000; font-family: 'Courier New', Courier, monospace; padding: 10px; margin: auto; display: block; max-width: 800px; white-space: pre-wrap;\"><strong>BANQUE DE TAHITI: Ecole de voile d'Arue - Saga<\/strong>\nCode banque: 12239 | Code guichet: 00007 | N\u00b0 compte: 80035501000 | Cl\u00e9 RIB: 12 | IBAN: FR76 1223 9000 0780 0355 0100 012 | BIC: CEPAPFTPXXX\n<\/pre>\t\t\t\t\t\t\t\t<\/div>\n\t\t\t\t<\/div>\n\t\t\t\t\t<\/div>\n\t\t\t\t<\/div>\n\t\t\t\t\t<\/div>\n\t\t\t\t<\/div>\n\t\t<div class=\"elementor-element elementor-element-89cbc77 e-flex e-con-boxed e-con e-parent\" data-id=\"89cbc77\" data-element_type=\"container\">\n\t\t\t\t\t<div class=\"e-con-inner\">\n\t\t\t\t<div class=\"elementor-element elementor-element-6b6ee4f elementor-widget-divider--view-line elementor-widget elementor-widget-divider\" data-id=\"6b6ee4f\" data-element_type=\"widget\" data-widget_type=\"divider.default\">\n\t\t\t\t<div class=\"elementor-widget-container\">\n\t\t\t\t\t\t\t<div class=\"elementor-divider\">\n\t\t\t<span class=\"elementor-divider-separator\">\n\t\t\t\t\t\t<\/span>\n\t\t<\/div>\n\t\t\t\t\t\t<\/div>\n\t\t\t\t<\/div>\n\t\t\t\t\t<\/div>\n\t\t\t\t<\/div>\n\t\t<div class=\"elementor-element elementor-element-c2efc9e e-flex e-con-boxed e-con e-parent\" data-id=\"c2efc9e\" data-element_type=\"container\">\n\t\t\t\t\t<div class=\"e-con-inner\">\n\t\t<div class=\"elementor-element elementor-element-f38b9ea e-flex e-con-boxed e-con e-child\" data-id=\"f38b9ea\" data-element_type=\"container\">\n\t\t\t\t\t<div class=\"e-con-inner\">\n\t\t\t\t<div class=\"elementor-element elementor-element-492f6cf elementor-widget elementor-widget-text-editor\" data-id=\"492f6cf\" data-element_type=\"widget\" data-widget_type=\"text-editor.default\">\n\t\t\t\t<div class=\"elementor-widget-container\">\n\t\t\t\t\t\t\t\t\t<p style=\"text-align: center; font-size: 20px; margin-bottom: 1em; font-weight: bold;\">Parrainer par ch\u00e8que \u2709\ufe0f<\/p><div style=\"margin-bottom: 1em; display: block;\"><div style=\"border: 1px solid #000; padding: 1em; margin-bottom: 1em;\"><strong>\u00c0 l&rsquo;ordre de :<\/strong><br \/>Ecole de voile d&rsquo;Arue (Saga)<\/div><div style=\"border: 1px solid #000; padding: 1em;\">Votre don par ch\u00e8que est \u00e0 envoyer \u00e0 l&rsquo;adresse suivante :<br \/>Ecole de voile d\u2019Arue \u2013 BP14235 \u2013 98701 Arue \u2013 Tahiti \u2013<br \/>Polyn\u00e9sie fran\u00e7aise<\/div><\/div>\t\t\t\t\t\t\t\t<\/div>\n\t\t\t\t<\/div>\n\t\t\t\t\t<\/div>\n\t\t\t\t<\/div>\n\t\t\t\t\t<\/div>\n\t\t\t\t<\/div>\n\t\t<div class=\"elementor-element elementor-element-5827377 e-flex e-con-boxed e-con e-parent\" data-id=\"5827377\" data-element_type=\"container\">\n\t\t\t\t\t<div class=\"e-con-inner\">\n\t\t<div class=\"elementor-element elementor-element-b7ab064 e-flex e-con-boxed e-con e-child\" data-id=\"b7ab064\" data-element_type=\"container\">\n\t\t\t\t\t<div class=\"e-con-inner\">\n\t\t\t\t\t<\/div>\n\t\t\t\t<\/div>\n\t\t\t\t\t<\/div>\n\t\t\t\t<\/div>\n\t\t\t\t<\/div>\n\t\t","protected":false},"excerpt":{"rendered":"<p>Un \u00e9norme merci pour eux ! \ud83d\udc95\ud83d\ude4f\ud835\udc0c\ud835\udc1a\ud835\udc2e\ud835\udc2b\ud835\udc2e\ud835\udc2e\ud835\udc2b\ud835\udc2e \ud835\udc2b\ud835\udc28\ud835\udc1a \u00e0 \ud835\udc2f\ud835\udc28\ud835\udc2e\ud835\udc2c \ud835\udc2d\ud835\udc28\ud835\udc2e\ud835\udc2c ! \ud83d\ude4f\ud83d\udc95 Lire cette vid\u00e9o sur YouTube Parrainer un enfant Ensemble tout est possible Cela permet de prendre en charge totalement, un ou plusieurs enfants en situation pr\u00e9caire, suivi et choisi par les services sociaux du Pays afin, qu\u2019une semaine durant, il(s) puisse(nt) vivre [&hellip;]<\/p>\n","protected":false},"author":1,"featured_media":9656,"parent":0,"menu_order":0,"comment_status":"closed","ping_status":"closed","template":"elementor_header_footer","meta":{"give_campaign_id":0,"footnotes":""},"class_list":["post-5426","page","type-page","status-publish","has-post-thumbnail","hentry"],"yoast_head":"<!-- This site is optimized with the Yoast SEO plugin v26.8 - https:\/\/yoast.com\/product\/yoast-seo-wordpress\/ -->\n<title>Parrainer un enfant - Saga Tahiti<\/title>\n<meta name=\"description\" content=\"Parrainez un enfant avec Saga Tahiti et offrez-lui une semaine inoubliable de loisirs et de sports. Votre soutien permet de couvrir les frais de transport, h\u00e9bergement, repas et activit\u00e9s pour les jeunes d\u00e9favoris\u00e9s.\" \/>\n<meta name=\"robots\" content=\"index, follow, max-snippet:-1, max-image-preview:large, max-video-preview:-1\" \/>\n<link rel=\"canonical\" href=\"https:\/\/www.dtp.dev.saga-tahiti.com\/index.php\/parrainer-un-enfant\/\" \/>\n<meta property=\"og:locale\" content=\"fr_FR\" \/>\n<meta property=\"og:type\" content=\"article\" \/>\n<meta property=\"og:title\" content=\"Parrainer un enfant - Saga Tahiti\" \/>\n<meta property=\"og:description\" content=\"Parrainez un enfant avec Saga Tahiti et offrez-lui une semaine inoubliable de loisirs et de sports. Votre soutien permet de couvrir les frais de transport, h\u00e9bergement, repas et activit\u00e9s pour les jeunes d\u00e9favoris\u00e9s.\" \/>\n<meta property=\"og:url\" content=\"https:\/\/www.dtp.dev.saga-tahiti.com\/index.php\/parrainer-un-enfant\/\" \/>\n<meta property=\"og:site_name\" content=\"Saga Tahiti\" \/>\n<meta property=\"article:modified_time\" content=\"2024-10-10T11:38:24+00:00\" \/>\n<meta property=\"og:image\" content=\"https:\/\/www.dtp.dev.saga-tahiti.com\/wp-content\/uploads\/2024\/10\/sagatest2-1.jpg\" \/>\n\t<meta property=\"og:image:width\" content=\"270\" \/>\n\t<meta property=\"og:image:height\" content=\"558\" \/>\n\t<meta property=\"og:image:type\" content=\"image\/jpeg\" \/>\n<meta name=\"twitter:card\" content=\"summary_large_image\" \/>\n<meta name=\"twitter:label1\" content=\"Dur\u00e9e de lecture estim\u00e9e\" \/>\n\t<meta name=\"twitter:data1\" content=\"2 minutes\" \/>\n<script type=\"application\/ld+json\" class=\"yoast-schema-graph\">{\"@context\":\"https:\/\/schema.org\",\"@graph\":[{\"@type\":\"WebPage\",\"@id\":\"https:\/\/www.dtp.dev.saga-tahiti.com\/index.php\/parrainer-un-enfant\/\",\"url\":\"https:\/\/www.dtp.dev.saga-tahiti.com\/index.php\/parrainer-un-enfant\/\",\"name\":\"Parrainer un enfant - Saga Tahiti\",\"isPartOf\":{\"@id\":\"https:\/\/www.dtp.dev.saga-tahiti.com\/#website\"},\"primaryImageOfPage\":{\"@id\":\"https:\/\/www.dtp.dev.saga-tahiti.com\/index.php\/parrainer-un-enfant\/#primaryimage\"},\"image\":{\"@id\":\"https:\/\/www.dtp.dev.saga-tahiti.com\/index.php\/parrainer-un-enfant\/#primaryimage\"},\"thumbnailUrl\":\"https:\/\/www.dtp.dev.saga-tahiti.com\/wp-content\/uploads\/2024\/10\/sagatest2-1.jpg\",\"datePublished\":\"2024-04-28T06:45:10+00:00\",\"dateModified\":\"2024-10-10T11:38:24+00:00\",\"description\":\"Parrainez un enfant avec Saga Tahiti et offrez-lui une semaine inoubliable de loisirs et de sports. Votre soutien permet de couvrir les frais de transport, h\u00e9bergement, repas et activit\u00e9s pour les jeunes d\u00e9favoris\u00e9s.\",\"breadcrumb\":{\"@id\":\"https:\/\/www.dtp.dev.saga-tahiti.com\/index.php\/parrainer-un-enfant\/#breadcrumb\"},\"inLanguage\":\"fr-FR\",\"potentialAction\":[{\"@type\":\"ReadAction\",\"target\":[\"https:\/\/www.dtp.dev.saga-tahiti.com\/index.php\/parrainer-un-enfant\/\"]}]},{\"@type\":\"ImageObject\",\"inLanguage\":\"fr-FR\",\"@id\":\"https:\/\/www.dtp.dev.saga-tahiti.com\/index.php\/parrainer-un-enfant\/#primaryimage\",\"url\":\"https:\/\/www.dtp.dev.saga-tahiti.com\/wp-content\/uploads\/2024\/10\/sagatest2-1.jpg\",\"contentUrl\":\"https:\/\/www.dtp.dev.saga-tahiti.com\/wp-content\/uploads\/2024\/10\/sagatest2-1.jpg\",\"width\":270,\"height\":558},{\"@type\":\"BreadcrumbList\",\"@id\":\"https:\/\/www.dtp.dev.saga-tahiti.com\/index.php\/parrainer-un-enfant\/#breadcrumb\",\"itemListElement\":[{\"@type\":\"ListItem\",\"position\":1,\"name\":\"Accueil\",\"item\":\"https:\/\/www.dtp.dev.saga-tahiti.com\/\"},{\"@type\":\"ListItem\",\"position\":2,\"name\":\"Parrainer un enfant\"}]},{\"@type\":\"WebSite\",\"@id\":\"https:\/\/www.dtp.dev.saga-tahiti.com\/#website\",\"url\":\"https:\/\/www.dtp.dev.saga-tahiti.com\/\",\"name\":\"Saga Tahiti\",\"description\":\"Aidez-nous \u00e0 poursuivre cette cause\",\"publisher\":{\"@id\":\"https:\/\/www.dtp.dev.saga-tahiti.com\/#organization\"},\"potentialAction\":[{\"@type\":\"SearchAction\",\"target\":{\"@type\":\"EntryPoint\",\"urlTemplate\":\"https:\/\/www.dtp.dev.saga-tahiti.com\/?s={search_term_string}\"},\"query-input\":{\"@type\":\"PropertyValueSpecification\",\"valueRequired\":true,\"valueName\":\"search_term_string\"}}],\"inLanguage\":\"fr-FR\"},{\"@type\":\"Organization\",\"@id\":\"https:\/\/www.dtp.dev.saga-tahiti.com\/#organization\",\"name\":\"Saga Tahiti\",\"url\":\"https:\/\/www.dtp.dev.saga-tahiti.com\/\",\"logo\":{\"@type\":\"ImageObject\",\"inLanguage\":\"fr-FR\",\"@id\":\"https:\/\/www.dtp.dev.saga-tahiti.com\/#\/schema\/logo\/image\/\",\"url\":\"https:\/\/www.dtp.dev.saga-tahiti.com\/wp-content\/uploads\/2024\/10\/cropped-cropped-logo250x250-1-1.png\",\"contentUrl\":\"https:\/\/www.dtp.dev.saga-tahiti.com\/wp-content\/uploads\/2024\/10\/cropped-cropped-logo250x250-1-1.png\",\"width\":250,\"height\":250,\"caption\":\"Saga Tahiti\"},\"image\":{\"@id\":\"https:\/\/www.dtp.dev.saga-tahiti.com\/#\/schema\/logo\/image\/\"}}]}<\/script>\n<!-- \/ Yoast SEO plugin. -->","yoast_head_json":{"title":"Parrainer un enfant - Saga Tahiti","description":"Parrainez un enfant avec Saga Tahiti et offrez-lui une semaine inoubliable de loisirs et de sports. Votre soutien permet de couvrir les frais de transport, h\u00e9bergement, repas et activit\u00e9s pour les jeunes d\u00e9favoris\u00e9s.","robots":{"index":"index","follow":"follow","max-snippet":"max-snippet:-1","max-image-preview":"max-image-preview:large","max-video-preview":"max-video-preview:-1"},"canonical":"https:\/\/www.dtp.dev.saga-tahiti.com\/index.php\/parrainer-un-enfant\/","og_locale":"fr_FR","og_type":"article","og_title":"Parrainer un enfant - Saga Tahiti","og_description":"Parrainez un enfant avec Saga Tahiti et offrez-lui une semaine inoubliable de loisirs et de sports. Votre soutien permet de couvrir les frais de transport, h\u00e9bergement, repas et activit\u00e9s pour les jeunes d\u00e9favoris\u00e9s.","og_url":"https:\/\/www.dtp.dev.saga-tahiti.com\/index.php\/parrainer-un-enfant\/","og_site_name":"Saga Tahiti","article_modified_time":"2024-10-10T11:38:24+00:00","og_image":[{"width":270,"height":558,"url":"https:\/\/www.dtp.dev.saga-tahiti.com\/wp-content\/uploads\/2024\/10\/sagatest2-1.jpg","type":"image\/jpeg"}],"twitter_card":"summary_large_image","twitter_misc":{"Dur\u00e9e de lecture estim\u00e9e":"2 minutes"},"schema":{"@context":"https:\/\/schema.org","@graph":[{"@type":"WebPage","@id":"https:\/\/www.dtp.dev.saga-tahiti.com\/index.php\/parrainer-un-enfant\/","url":"https:\/\/www.dtp.dev.saga-tahiti.com\/index.php\/parrainer-un-enfant\/","name":"Parrainer un enfant - Saga Tahiti","isPartOf":{"@id":"https:\/\/www.dtp.dev.saga-tahiti.com\/#website"},"primaryImageOfPage":{"@id":"https:\/\/www.dtp.dev.saga-tahiti.com\/index.php\/parrainer-un-enfant\/#primaryimage"},"image":{"@id":"https:\/\/www.dtp.dev.saga-tahiti.com\/index.php\/parrainer-un-enfant\/#primaryimage"},"thumbnailUrl":"https:\/\/www.dtp.dev.saga-tahiti.com\/wp-content\/uploads\/2024\/10\/sagatest2-1.jpg","datePublished":"2024-04-28T06:45:10+00:00","dateModified":"2024-10-10T11:38:24+00:00","description":"Parrainez un enfant avec Saga Tahiti et offrez-lui une semaine inoubliable de loisirs et de sports. Votre soutien permet de couvrir les frais de transport, h\u00e9bergement, repas et activit\u00e9s pour les jeunes d\u00e9favoris\u00e9s.","breadcrumb":{"@id":"https:\/\/www.dtp.dev.saga-tahiti.com\/index.php\/parrainer-un-enfant\/#breadcrumb"},"inLanguage":"fr-FR","potentialAction":[{"@type":"ReadAction","target":["https:\/\/www.dtp.dev.saga-tahiti.com\/index.php\/parrainer-un-enfant\/"]}]},{"@type":"ImageObject","inLanguage":"fr-FR","@id":"https:\/\/www.dtp.dev.saga-tahiti.com\/index.php\/parrainer-un-enfant\/#primaryimage","url":"https:\/\/www.dtp.dev.saga-tahiti.com\/wp-content\/uploads\/2024\/10\/sagatest2-1.jpg","contentUrl":"https:\/\/www.dtp.dev.saga-tahiti.com\/wp-content\/uploads\/2024\/10\/sagatest2-1.jpg","width":270,"height":558},{"@type":"BreadcrumbList","@id":"https:\/\/www.dtp.dev.saga-tahiti.com\/index.php\/parrainer-un-enfant\/#breadcrumb","itemListElement":[{"@type":"ListItem","position":1,"name":"Accueil","item":"https:\/\/www.dtp.dev.saga-tahiti.com\/"},{"@type":"ListItem","position":2,"name":"Parrainer un enfant"}]},{"@type":"WebSite","@id":"https:\/\/www.dtp.dev.saga-tahiti.com\/#website","url":"https:\/\/www.dtp.dev.saga-tahiti.com\/","name":"Saga Tahiti","description":"Aidez-nous \u00e0 poursuivre cette cause","publisher":{"@id":"https:\/\/www.dtp.dev.saga-tahiti.com\/#organization"},"potentialAction":[{"@type":"SearchAction","target":{"@type":"EntryPoint","urlTemplate":"https:\/\/www.dtp.dev.saga-tahiti.com\/?s={search_term_string}"},"query-input":{"@type":"PropertyValueSpecification","valueRequired":true,"valueName":"search_term_string"}}],"inLanguage":"fr-FR"},{"@type":"Organization","@id":"https:\/\/www.dtp.dev.saga-tahiti.com\/#organization","name":"Saga Tahiti","url":"https:\/\/www.dtp.dev.saga-tahiti.com\/","logo":{"@type":"ImageObject","inLanguage":"fr-FR","@id":"https:\/\/www.dtp.dev.saga-tahiti.com\/#\/schema\/logo\/image\/","url":"https:\/\/www.dtp.dev.saga-tahiti.com\/wp-content\/uploads\/2024\/10\/cropped-cropped-logo250x250-1-1.png","contentUrl":"https:\/\/www.dtp.dev.saga-tahiti.com\/wp-content\/uploads\/2024\/10\/cropped-cropped-logo250x250-1-1.png","width":250,"height":250,"caption":"Saga Tahiti"},"image":{"@id":"https:\/\/www.dtp.dev.saga-tahiti.com\/#\/schema\/logo\/image\/"}}]}},"campaignId":"","_links":{"self":[{"href":"https:\/\/www.dtp.dev.saga-tahiti.com\/index.php\/wp-json\/wp\/v2\/pages\/5426","targetHints":{"allow":["GET"]}}],"collection":[{"href":"https:\/\/www.dtp.dev.saga-tahiti.com\/index.php\/wp-json\/wp\/v2\/pages"}],"about":[{"href":"https:\/\/www.dtp.dev.saga-tahiti.com\/index.php\/wp-json\/wp\/v2\/types\/page"}],"author":[{"embeddable":true,"href":"https:\/\/www.dtp.dev.saga-tahiti.com\/index.php\/wp-json\/wp\/v2\/users\/1"}],"replies":[{"embeddable":true,"href":"https:\/\/www.dtp.dev.saga-tahiti.com\/index.php\/wp-json\/wp\/v2\/comments?post=5426"}],"version-history":[{"count":49,"href":"https:\/\/www.dtp.dev.saga-tahiti.com\/index.php\/wp-json\/wp\/v2\/pages\/5426\/revisions"}],"predecessor-version":[{"id":11143,"href":"https:\/\/www.dtp.dev.saga-tahiti.com\/index.php\/wp-json\/wp\/v2\/pages\/5426\/revisions\/11143"}],"wp:featuredmedia":[{"embeddable":true,"href":"https:\/\/www.dtp.dev.saga-tahiti.com\/index.php\/wp-json\/wp\/v2\/media\/9656"}],"wp:attachment":[{"href":"https:\/\/www.dtp.dev.saga-tahiti.com\/index.php\/wp-json\/wp\/v2\/media?parent=5426"}],"curies":[{"name":"wp","href":"https:\/\/api.w.org\/{rel}","templated":true}]}}